y d.
25
Let x(o) = o**3 + 8*o**2 + 6. Let r be x(-7). Suppose 4*b - r = 5*z + 81, 5*b = -4*z - 76. Calculate the remainder when z/10*60/(-9) is divided by 9.
7
Let d = -23 - -36. Let g(w) = w**2 - 11*w - 14. What is the remainder when g(d) is divided by 5?
2
Suppose -4*k + 248 = 2*l - l, -4*k - 544 = -2*l. Suppose -3*g = 4*t - l, t + 4*g - 198 = -2*t. What is the remainder when t is divided by 17?
15
Let v(l) = 12*l**2 + 4*l - 4. What is the remainder when v(2) is divided by 27?
25
Let r(b) be the third derivative of 0*b + 0 + b**2 + 2/3*b**3 + 1/12*b**4. Calculate the remainder when 23 is divided by r(4).
11
Suppose -5*i = -20, 5*j + 4*i + 8 = 54. Suppose -5*y - j = 4, -r - y = -20. Calculate the remainder when r is divided by 12.
10
Let c = -2 - 2. Let u(v) = v**2 + 3*v - 3. Let x be u(c). Calculate the remainder when x/2 + 18/4 is divided by 3.
2
Let l(x) = -x + 2. Let b(z) = -2. Let f(y) = 4*b(y) + 5*l(y). What is the remainder when f(-7) is divided by 20?
17
Suppose -28 = -3*h - 5*m - 0*m, 2 = m. Suppose -5*g = -5*a - 15, -2*a + 2*g - 18 = -h*a. Let d(r) = 9*r - 3. Calculate the remainder when 43 is divided by d(a).
13
Let b = -4 + 11. Let z = 19 - b. What is the remainder when 34 is divided by z?
10
Let n(a) = -a**2 - 4*a + 5. Let s be n(-5). Suppose -2*k + 19 + 15 = 0. Calculate the remainder when (-1 - s)*-11*3 is divided by k.
16
Suppose -4*r + 49 = -2*u - u, 0 = 2*r - 5*u - 21. Calculate the remainder when 6/(-9) + -2 + (-714)/(-18) is divided by r.
11
Let n(r) = -2*r - 1. Let x be n(-2). Suppose -x*g + 0*g = -9. Calculate the remainder when 12 is divided by g.
0
What is the remainder when (-1 - ((-4)/12 + 0))*-39 is divided by 15?
11
What is the remainder when (-10)/(((-4)/3)/2) is divided by 4?
3
Suppose p + 2*p - 242 = 5*s, -s - 317 = -4*p. Calculate the remainder when p is divided by 27.
25
Let i be 1/2*5*2. Let v = i - -4. What is the remainder when 24 is divided by v?
6
Let q = 6 - -6. Calculate the remainder when 56 is divided by q.
8
Suppose -t = -4*v + 23, 64 = -5*t - v - 30. Calculate the remainder when 2*(t/(-2) + 1) is divided by 12.
9
Suppose u + 8 = -3*s, 2*s + u + 7 - 2 = 0. Let a be (-2)/(-3) + (-22)/(-3). Let r = a - s. Calculate the remainder when 31 is divided by r.
9
Let k(x) = x**3 - 8*x**2 + 9*x + 3. Let q = 1 + 3. Suppose 3*j + 2*b = -0*j + 8, q*j = b + 29. What is the remainder when k(7) is divided by j?
5
Let c = 4 - 1. Suppose 12 = 4*o, 0 = -c*n + 4*n - 5*o + 7. Calculate the remainder when ((-3)/6)/((-2)/56) is divided by n.
6
Suppose -5*x - 14 = 36. What is the remainder when (-678)/(-15) - (-2)/x is divided by (120/75)/(4/30)?
9
What is the remainder when 103 is divided by 3/(-7) - 1295/(-49)?
25
Calculate the remainder when 90 is divided by ((-92)/16)/((-2)/8).
21
Let g(k) = -k**3 - 5*k**2 + 2. Let d be g(-5). Suppose -4 = d*s - 6*s. Calculate the remainder when 1 is divided by s.
0
Let o(r) = -r**2 - 11*r + 7. What is the remainder when o(-10) is divided by 11?
6
Let l = -51 + 81. What is the remainder when l is divided by 19?
11
What is the remainder when (208/10 + 4)*5/2 is divided by 16?
14
Let q(u) = -10*u. Let n be q(-5). Suppose 3*t = t + n. Suppose -5*o + 57 = 4*v, -v - 5*o + 19 = 1. What is the remainder when t is divided by v?
12
Let s(r) = -r**3 + 7*r**2 + 3. Let g be s(7). Let k be 25 + 0 + (-3)/g. Suppose 2*f - k = -f. Calculate the remainder when f is divided by 5.
3
Let d(a) = a**3 - 9*a**2 - a + 10. Suppose 0*l = 5*l - 10. Calculate the remainder when l is divided by d(9).
0
Let c(x) = -x**3 + 8*x**2 - 6*x + 3. Suppose 156 = 11*u - 9. What is the remainder when c(4) is divided by u?
13
Let c be 95/25 + 8/(-10). Let m(w) = 0*w**2 + 2 + 0*w**2 - 2*w + 3*w**2. What is the remainder when m(c) is divided by 12?
11
Let p(v) = 1 + 1 + v**2 - 3*v - 1. Let f be p(4). Suppose f*u = -3*l + 25, 3*l + 2*l = -5*u + 45. Calculate the remainder when 28 is divided by l.
8
Let r(o) = -o + 17. Let i be r(15). Suppose -i*f = 7 - 17. Calculate the remainder when 12 is divided by f.
2
Let z = 33 + -9. Let i = -9 + z. Calculate the remainder when 57 is divided by i.
12
Suppose 3*v + 2*p = 94, 0 = 9*v - 11*v + p + 51. What is the remainder when 194 is divided by v?
26
Let w = -1 - -1. Suppose w = -2*j + 11 + 41. What is the remainder when j is divided by 10?
6
Suppose 11*m = 15*m - 388. What is the remainder when m is divided by 25?
22
Suppose -4 = -2*x + 18. Calculate the remainder when x is divided by 4.
3
Suppose -2*r + 0*r + 142 = 0. Suppose v - 2*v = -24. Calculate the remainder when r is divided by v.
23
Suppose 3*j - 92 = 4*n + 12, -n - 27 = -j. Let a = 40 - n. Suppose a = 3*l + 2*k + 3*k, -31 = -l - 5*k. What is the remainder when l is divided by 9?
7
Let q = -7 - 19. Let p be q*(-1)/4*2. What is the remainder when 38 is divided by (-3 - 0)/1 + p?
8
Let m be 16/6*18/8. Let s = -3 + m. What is the remainder when 7 is divided by s?
1
Suppose 3 = a, r + 0*a = -a - 1. Let k(g) = 0*g + 0*g + g**2 + g - 5. Calculate the remainder when 13 is divided by k(r).
6
Let q = 62 - 52. Suppose 7*v - 2*v + 23 = d, 4*d + v - 71 = 0. Calculate the remainder when d is divided by q.
8
Suppose -3*o + o = -8. Suppose -4*f = 3*x - o - 23, 2*x = f + 7. Calculate the remainder when 9 is divided by f.
0
Let h(c) = -c**2 - 11*c + 7. What is the remainder when 65 is divided by h(-10)?
14
Let j = -108 - -196. Calculate the remainder when j is divided by 46.
42
Let t(u) = u - 1. Let y be t(1). Suppose -4*p + 13 - 105 = y. Let l = -8 - p. What is the remainder when 43 is divided by l?
13
Suppose 5*f + 2*j - 6*j = 55, -2*f - 3*j + 45 = 0. Let c(h) = -6*h**3 - h**2 - 1. Suppose -2*m - 3 - 1 = 0. What is the remainder when c(m) is divided by f?
13
Let c(a) = -19*a. Let l be c(-2). Let y(v) = v + 9. Let f be y(-5). Suppose 122 + l = f*o. Calculate the remainder when o is divided by 14.
12
Let u(c) = -c**3 + 6*c**2 + 8*c - 2. Let g(t) be the first derivative of -t**3/3 + 9*t**2/2 - 9*t - 2. What is the remainder when g(6) is divided by u(7)?
4
Suppose -3*u + 2 = -49. What is the remainder when 32 is divided by u?
15
Let y(g) = g**3 - 3*g**2 - 4*g - 2. Let p be y(4). What is the remainder when 62 is divided by p/10 + 567/35?
14
Calculate the remainder when 0*(1 + 0) - -127 is divided by 32.
31
Suppose q - 13 = 4. Calculate the remainder when q is divided by 13.
4
Let z = 98 + -91. Let x(b) = -39*b**3 - b - 1. Let r be x(-1). Suppose 3*p = -0*p + r. Calculate the remainder when p is divided by z.
6
Let p(w) = -w**3 - 6*w**2 - 4*w + 2. Let j be p(-5). Let h(g) = -g + 2. What is the remainder when (-10)/(-1*j/(-6)) is divided by h(-5)?
6
Suppose 4*o - 1003 = -3*q - 411, -584 = -3*q - 2*o. Calculate the remainder when q is divided by 39.
36
Suppose 6*w = 2*w + 264. What is the remainder when w is divided by 34?
32
Let c(g) = g**3 - 7*g**2 + 7*g - 4. Suppose -4*o + 2 + 10 = 0. Suppose 7 + o = 5*d. Calculate the remainder when c(6) is divided by d.
0
Suppose 0 = -4*i + 3*t + 3 + 183, -t + 88 = 2*i. Let b = i + -25. Calculate the remainder when 58 is divided by b.
18
Suppose -4*b = k - 2*k - 159, 5*k + 57 = 2*b. Let s(c) = -17*c**3 + c**2 - c + 1. Let j be s(1). Let f = j + b. Calculate the remainder when f is divided by 13.
12
Suppose -g - 2*g + 9 = 0. Suppose 3*f + f = 12. Suppose -f*h + 33 = -3*t, 0*h + 5*h - t - 39 = 0. Calculate the remainder when h is divided by g.
1
Let j = 3 + 6. Suppose d + 3*d = -8. Calculate the remainder when 2/2 + d + 27 is divided by j.
8
Let t(j) = -2*j - 1. Calculate the remainder when (-17)/(-1) - (-3 - -7) is divided by t(-3).
3
Suppose 0 = 3*n + 2*q + 1, 2*n + 2 = -3*q - 2. Suppose -n = 2*p - 29. Calculate the remainder when 26 is divided by p.
12
Suppose 0 = -3*v + 41 + 28. Suppose -26*u + v*u + 93 = 0. Suppose -2*a + 33 = a. Calculate the remainder when u is divided by a.
9
Let u = 58 - 33. Let f(n) = -n**3 - 3*n**2 + n + 2. Let m be 2 + 5/((-5)/6). Calculate the remainder when u is divided by f(m).
11
Let u(j) = -7*j + 5. Let r be u(5). What is the remainder when (10/3)/((-4)/r) is divided by 14?
11
Suppose 3*x - 13 = 194. What is the remainder when x is divided by 18?
15
Let h(c) = -c**3 - 3*c**2 + 3. Let k = 4 - -3. Calculate the remainder when k is divided by h(-3).
1
Let l be 1/((8/18)/(-4)). Let c(h)